= -12*s + 60. Let k(q) = q**2 + q - 1. Let r(j) = 7*j**2 + j + 11. Let p(t) = -6*k(t) + r(t). List the prime factors of p(s).
101
Let t(d) = 2 + 4*d + 7*d + 0*d + d. Let z be t(4). Let i = 63 - z. What are the prime factors of i?
13
Suppose -2452 = 3*w + 3*t - 48553, -5*t + 46089 = 3*w. List the prime factors of w.
15373
Let f(g) = 5*g - 14. Let v be f(-6). Let p = v - -44. Suppose 4*q + i = 149 + 79, p = 2*q + 2*i - 114. What are the prime factors of q?
3, 19
Let j be (-24 - 426)/((-6)/(-44)). List the prime factors of (-30)/(-105) + j/(-14) + 1.
3, 79
Let n = 38 - 36. Suppose a = 5*o - 891, -o + n*o + 2*a = 176. List the prime factors of o.
2, 89
Let j = 9177 + -6302. What are the prime factors of j?
5, 23
Let i(j) = j**2 - 4*j - 5. Let y be i(-2). Suppose -3*f - 238 = -k, 3*k - 4*f - 678 = -y*f. What are the prime factors of k?
229
Let c(q) = -q**3 + 40*q**2 - 76*q + 21. What are the prime factors of c(38)?
3, 7
Suppose 5*k = 3*t - 10, 2*t + 3*k = t + 8. Suppose -4*g - 3*j + 1393 = 0, 10*g - t*g + 5*j = 1745. What are the prime factors of g?
2, 173
Suppose -3*i + 5*x + 146 = 0, x - 190 = -4*i + 3*x. Let k = 3 - i. Let l = k + 68. List the prime factors of l.
2, 3
Suppose y + 5384 + 47529 = 5*m, 5*m = -3*y + 52901. List the prime factors of m.
2, 11, 13, 37
Suppose -13*q = -19*q - 5*q + 158169. What are the prime factors of q?
3, 4793
Suppose 9*z = -15*z - 11*z + 121310. What are the prime factors of z?
2, 1733
Let c(f) = 2*f**2 - 6*f + 7. Let y(v) = -3*v + 3*v**2 - 9*v**3 + 5*v**3 + 5 + 2*v**3. Let p be y(2). What are the prime factors of c(p)?
3, 29
Let c(z) = -3 + 434*z - 443*z + 0 + 105*z**2. What are the prime factors of c(-3)?
3, 17, 19
Suppose 2*a = 2*i + 5438, -2*a + 0*a = -4*i - 5442. Suppose 6*o = 17*o - a. What are the prime factors of o?
13, 19
Let x = 196 + -366. Let c = x + 224. List the prime factors of c.
2, 3
Let u = 847 - 495. Suppose 5 = -7*g - u. Let r = 167 + g. List the prime factors of r.
2, 29
What are the prime factors of 4 - (-13 - -13) - (-4746 + -5)?
3, 5, 317
Suppose 31*t - 288 = 33*t. Let k = 11 - t. Suppose -x + 2*c = c - k, -x - c = -161. List the prime factors of x.
2, 79
Let n be -3*(1 - (-15)/(-10))*2. Suppose n*z + 7*t - 2825 = 2*t, 2*z - 2*t = 1878. What are the prime factors of z?
2, 5, 47
Let k = 94100 - 55979. List the prime factors of k.
3, 97, 131
Let l = 15325 + -11266. List the prime factors of l.
3, 11, 41
Let s = -68165 - -123873. What are the prime factors of s?
2, 19, 733
Let a = -44 + 145. Suppose -4*x + a = -495. Let u = 212 - x. What are the prime factors of u?
3, 7
Suppose -207693 = -4*a + 3*i, 51*a = 52*a + 3*i - 51942. List the prime factors of a.
3, 19, 911
What are the prime factors of (7831 - 3) + (-8)/4?
2, 7, 13, 43
Let j(k) = k**2 - 5*k + 4. Let m = -22 - -28. Suppose m*b - 1 = -h + b, 4*b = -3*h - 8. List the prime factors of j(h).
2, 5
Suppose 3*c + 5*c = 96. Suppose -46*q - c = -49*q. Suppose 3*f - 197 = -w, 0 = q*w + 2*f - f - 777. List the prime factors of w.
2, 97
Let s(u) = 13 - 5*u - 3*u**2 - 62 + 12*u**2. List the prime factors of s(11).
5, 197
Let v(t) = -1. Let x(n) = -11*n + 3. Let p(s) = 6*v(s) + x(s). Let b be p(-6). Suppose -2*h - z = -261, -h + 81 = 5*z - b. List the prime factors of h.
3, 43
Let i = 122 + -114. Suppose -i*b = 2*b - 900. List the prime factors of b.
2, 3, 5
Suppose -8*h - 20 + 44 = 0. Suppose h*o - 2291 = 2*z, 4*o = -o - z + 3814. List the prime factors of o.
7, 109
Let z(n) = 112*n**2 + 247*n + 2066. What are the prime factors of z(-8)?
2, 19, 191
Let p be 6 - -1 - (-7)/((-21)/9). Suppose 906 = 5*y + 4*v, y - p*v = -0*v + 162. What are the prime factors of y?
2, 89
Suppose -10*o + 52 - 12 = 0. Let w be -118*(-5)/(-10) - o. List the prime factors of ((-25)/4 - -1)/(w/336).
2, 7
Suppose 3608 = n + 3*d, -2*d + 17527 = 4*n + 3125. List the prime factors of n.
59, 61
Suppose 1 = 3*f - 4*f + 5*s, 4*s = -5*f - 34. List the prime factors of (3 + 45/f)*(2 + -60).
3, 29
Suppose -3*u = d - 7162, -7971 - 13473 = -3*d + 5*u. List the prime factors of d.
23, 311
Suppose 0 = 2*a - 4, 3*r + a = 6*a + 2. Suppose -d + 2 = 0, -2*d + 1 = r*c - 3. Suppose 27 = j - c*j. List the prime factors of j.
3
Let x = -31539 - -78501. List the prime factors of x.
2, 3, 2609
Let u(v) = -36*v + 45. Let g be u(15). Let i = g - -1268. List the prime factors of i.
773
Suppose -21*o + 18*o + 9 = 0. Suppose 2*c = o*c - 3. Suppose -5*j + 968 = m, -c*j = -j - 4*m - 396. What are the prime factors of j?
2, 97
Let i(p) = 4*p**2 + 2*p + 69. Suppose 24*j = -123 - 45. What are the prime factors of i(j)?
251
Let o(c) = 7*c + 7 + 23 + 4 - 1. Let i be (-6)/(-4) + (-3 - 38/(-4)). What are the prime factors of o(i)?
89
Let b(s) = 11*s**3 + 2*s + 3. Let q be b(-1). Let n(x) = 4*x**2 - 10*x + 6. Let l be n(q). Suppose -9*r + 556 + l = 0. List the prime factors of r.
2, 59
Let v(a) = -a**3 - 8*a**2 - 11*a + 11. Let u be v(-6). Suppose u*g + b - 486 = 0, -490 = -5*g - 3*b - 2*b. List the prime factors of g.
97
What are the prime factors of ((-167386980)/45)/(-62) - (-4)/6?
2, 53, 283
Let u(x) = 34*x. Let i be u(7). Suppose -i = -2*k + 412. What are the prime factors of k?
5, 13
Suppose -2*c - 5*v - 6 = 0, -v = 2*v + 6. Let j be 1 - -2 - (-7)/c*-2. What are the prime factors of 113 - (3 + j + 0)?
2, 3, 19
Suppose 3*g + i + 2 = 4*g, 7 = 5*g - 2*i. What are the prime factors of 2/((-203)/41 - (-5)/g)?
41
Let p be (-4 + 0 + 6 + 4)/2. Suppose 2*h - i - 4 = p, 3*h - 2*i - 11 = 0. Suppose h*w - 9 = 0, 0*w + w + 1082 = 5*r. What are the prime factors of r?
7, 31
Let m(o) = -10*o - 76. Let v be m(-8). Suppose -v*q = 2*p - 460 + 2, 570 = 5*q + 3*p. What are the prime factors of q?
3, 13
Let l(d) = d**2 + 8*d - 1. Let r be 4/(4/10 - 32/130). Let v = 30 - r. What are the prime factors of l(v)?
47
List the prime factors of (-2 - -3)/((-5)/(-20)) - -2469.
2473
List the prime factors of (-86)/817 - (-172055)/95.
1811
Suppose 98*m + 346108 = 112*m. What are the prime factors of m?
2, 47, 263
Let h(z) = z**3 + 39*z**2 + 21*z + 970. What are the prime factors of h(-33)?
7, 139
List the prime factors of (-890448)/(-299) + 2/(-23).
2, 1489
Let w = -12879 + 22209. List the prime factors of w.
2, 3, 5, 311
Let g(l) = l**3 - 10*l**2 - 24*l. Let d be g(12). Suppose 0 = -5*n + 2*n + 2*t + 1617, d = -3*n + 3*t + 1614. What are the prime factors of n?
541
Let z(q) = 31*q**2 + 1619*q - 52. What are the prime factors of z(-58)?
2, 5, 1033
Let t(x) = -2*x**2 + 24. Let h be t(-6). Let n = 212 - h. Suppose v - 195 = -3*d, 0*d + n = 4*d - 2*v. What are the prime factors of d?
5, 13
Let w be 6/(-4)*(-36 - -10). List the prime factors of (-110)/(-10)*w - (-1 + 2).
2, 107
Let q be (-1258)/(-51)*(-33)/(-2). Suppose 4*k - 2*u + 322 = 0, q = -5*k - 2*u - 0*u. Let p = 265 + k. List the prime factors of p.
2, 23
Let y = 7384 + -5186. Let d = -1410 + y. What are the prime factors of d?
2, 197
Suppose -10 = 2*z - 4*l, 4*z + 2*l = -l + 24. Suppose -z*u + 6 = -u. Suppose u*h - 1251 = -6*h. What are the prime factors of h?
139
Suppose -4*g - 90 = -102. Suppose -g*o + 18 = 3*x, 0 = -5*x + o + 1 + 11. Suppose -x*r + 197 = 2*z, 2*r + 251 = 2*z + 39. List the prime factors of z.
103
Let s = 58056 - 21260. List the prime factors of s.
2, 9199
Suppose -5*o + 2*p = -4357, 4*o - 680 = p + 2805. Let z = o - 620. Let s = z + -109. What are the prime factors of s?
2, 71
Suppose 0 = 5*h + 2*y - 320981, -98*y - 320960 = -5*h - 103*y. List the prime factors of h.
43, 1493
Let b(l) = -l**2 - 5*l - 4. Let o be b(-2). Suppose o*m + 40 - 50 = 0. Suppose 2*u = 2*t - 5*t + 256, 0 = -5*t + m*u + 435. What are the prime factors of t?
2, 43
Suppose -176 = -6*d - 2*d. Let v(c) = 8*c + 20 - 40 + 11*c**2 + d. List the prime factors of v(-3).
7, 11
Suppose -792 = 4*m + 4*z, m + 18 = -3*z - 182. Let a = -103 - m. Suppose 4*y + a = 3*j, 0*y - 147 = -4*j + y. What are the prime factors of j?
2, 19
Let i be (-57)/(-9) - (-12)/(-9). Suppose -i*d + 294 + 5856 = 0. List the prime factors of d.
2, 3, 5, 41
Let y(f) = -11*f - 48. Let s be y(-5). Suppose -346 - 1138 = -s*b. List the prime factors of b.
2, 53
List the prime factors of (2 - 9940/8)*(10 + (-720)/27).
5, 827
Let c = -13 + 33. Suppose -c + 15 = -j. Suppose j*a + 77 - 677 = 0. What are the prime factors of a?
2, 3, 5
L